 What is the greatest common divisor of 3870 and m?
30
Let w = 7803 + -7753. Calculate the greatest common factor of 1760 and w.
10
Let p(g) be the second derivative of -5*g**3/3 + 49*g**2 - 142*g. Let c be p(5). Calculate the highest common factor of 80 and c.
16
Let j = -5126 - -5372. Calculate the highest common divisor of j and 60.
6
Let b be (-628)/(-14) + (-23)/(1610/(-10)). Calculate the greatest common factor of 2205 and b.
45
Suppose 416 = 6*i - 4*i. Let f be (-20)/(-11 + (-415)/(-40)). What is the greatest common divisor of f and i?
16
Let i = 14 - 8. Let j(v) = v**3 - v**2 - 28*v + 15. Let z be j(i). What is the highest common divisor of z and 54?
27
Let s(b) = -54*b + 2. Let m be -1 - 1 - 0/(-6). Let l be s(m). What is the greatest common divisor of 20 and l?
10
Suppose 0 = 5*n - 7*f + 3*f - 2082, 3*f - 6 = 0. Suppose 45*p = 56*p - n. Calculate the highest common divisor of 874 and p.
38
Let b = 34 + -21. Let v(x) = 28*x - 14. Let z be v(-5). Let j be ((-104)/14)/(44/z). What is the highest common factor of b and j?
13
Suppose 17886*k - 17857*k - 4698 = 0. What is the greatest common divisor of k and 5616?
54
Let g = -121 + 127. Suppose 0 = i + 2, -3*i = 2*z - g*z + 762. Calculate the highest common divisor of 21 and z.
21
Suppose 5*x + 4*b = 27, -11*x = -15*x + 5*b - 3. Suppose -4*d + 2*v = -2*v - 36, x*v - 53 = -5*d. Calculate the greatest common divisor of 110 and d.
10
Let h(n) = -117*n - 52. Let p be h(33). Let i be 2/((-14)/p) + 1. What is the greatest common factor of 35 and i?
35
Suppose -112*q = -3*i - 113*q + 10439, 4*i - 13922 = 2*q. Calculate the greatest common divisor of 600 and i.
120
Let u be 2/(-1 + 3) - -5. Let z(i) = -8*i - 39. Let x be z(-6). Suppose -x*d + 15 = -3. What is the greatest common divisor of d and u?
2
Let t be (-52)/(-5) + 7 + (-64)/10. Suppose 22*w + t*w - 627 = 0. Calculate the highest common divisor of 247 and w.
19
Let i = -37709 + 37726. What is the highest common divisor of i and 1445?
17
Let w be 10*(69/6 + -11). Calculate the greatest common factor of 7255 and w.
5
Let i = 8 + -6. Let d be (i/(-8))/((-1)/1508). What is the greatest common factor of d and 13?
13
Let x(y) = -61*y - 3*y**3 - y**3 + 38*y**2 + 12*y**3 - 9*y**3 - 21. Let q be x(36). What is the highest common factor of 15 and q?
15
Suppose -3*w = 10 + 14. Let l be w/3*66/(-11). Suppose 3*r = 8*r, 2*z = -4*r + l. Calculate the greatest common divisor of z and 40.
8
Suppose -716*a - 266 = -754*a. What is the highest common divisor of 5509 and a?
7
Let m = -18616 - -19217. Calculate the greatest common divisor of 3 and m.
1
Suppose 3*k - 3*v - 288 = 0, -465 = -k - 4*k + 2*v. Suppose -18*h + 7 = -17*h. What is the highest common factor of h and k?
7
Suppose -2*c + 2*x + 15 = -421, 5*x = -5. Let m be 1*(8 + c)/5. What is the greatest common divisor of 75 and m?
15
Let m = -4634 + 7700. What is the greatest common factor of m and 126?
42
Let y = 517 + -503. Let t be 2 + y + -2 - -4. Calculate the greatest common divisor of t and 414.
18
Let j(b) = -9*b**2 - b - 3. Let o be j(-3). Let q = 82 + o. Suppose -s + 3 = 2*s. Calculate the highest common factor of s and q.
1
Suppose 21*g + 12 = 18*g. Let z be ((-6)/g)/((-6)/(-16)). Suppose -4*o - 18 = -2*u - 0*u, -z*o = 5*u - 73. What is the greatest common factor of u and 65?
13
Let w(d) = -d**2 + 126*d + 65. Let q be w(0). Let l(r) = 2*r**3 + r**2 - 5*r + 4. Let h be l(3). What is the greatest common divisor of h and q?
13
Suppose i + 4*x - 18 = 0, -5*i + 107 = x + 2*x. Suppose -72 = -2*n - i*n. Calculate the highest common factor of 81 and n.
3
Let z(b) be the first derivative of 4/3*b**3 + 4 + 5/2*b**2 - 6*b. Let k be z(3). Calculate the greatest common factor of k and 18.
9
Let i be ((-90)/(-24))/((-3)/8)*(-8 + -6). What is the highest common divisor of i and 1435?
35
Let u = 6 + -10. Let n(y) = 5*y + 2. Let d(h) = -13*h - 1. Let b(p) = 4*d(p) + 11*n(p). Let a be b(u). Calculate the greatest common divisor of a and 30.
6
Let k be (0 - -14)*(-70)/(-49). Let v = -10 + k. Suppose -2*t + v = 2. What is the highest common divisor of 32 and t?
4
Let n = -256 + 380. Suppose 3*g + 159 = 3*c, 0 = -0*c + 3*c + 4*g - n. Calculate the highest common factor of c and 12.
12
Suppose -79 = -3*r + 161. Let j = r + -50. Suppose -2*c + 4*c - j = 0. What is the highest common divisor of 30 and c?
15
Suppose 9*w = 11*w - 272. Suppose 1606 = 24*m - 842. What is the greatest common factor of w and m?
34
Suppose 5 = -5*t, 5*b + 6*t - 3*t = 17. Suppose 3*s - 6*s = -b*q + 186, -2*q + 4*s = -98. What is the highest common factor of 270 and q?
45
Let r be 1470/54 - (2/12)/((-6)/(-8)). What is the greatest common divisor of r and 1647?
27
Let o be -40 + (2/(-13) - (-54)/13). Let u be (-28)/o + 2 + (-10)/(-45). What is the greatest common factor of u and 15?
3
Suppose 0 = -11*r + 788 - 425. What is the greatest common divisor of 7172 and r?
11
Suppose 9188*u - 9204*u = -1399 - 105. What is the highest common factor of 12220 and u?
94
Let a = -7424 + 13248. What is the highest common divisor of a and 13?
13
Let g(z) = z**2 + 28*z - 130. Let c(x) = -x + 20. Let m be c(54). Let i be g(m). What is the highest common divisor of 666 and i?
74
Let m = -115 + 115. Suppose m = 3*w - 6, -4*w = -0*p - 2*p + 160. Calculate the greatest common factor of 6 and p.
6
Suppose -3*s = -x + 120 - 63, -4*x = 5*s - 143. Calculate the highest common divisor of x and 70.
14
Let d = 24 - 22. Let m(u) = 7*u + 2. Let f be m(d). Suppose -o = -f - 14. What is the greatest common factor of o and 10?
10
Let k = 1145 + -1131. What is the greatest common divisor of k and 18?
2
Suppose 2*v = -35 + 385. Calculate the greatest common divisor of v and 21.
7
Let h be ((-2)/6*4)/((-40)/660). Let t be (-143)/h*(4 + 0 - 22). Calculate the greatest common factor of 195 and t.
39
Let v(q) = q**2 + 9*q + 34. Let k be v(-6). Let s be 28*-11*k/(-8). Calculate the highest common factor of 56 and s.
56
Let g = 6964 + -6958. What is the highest common divisor of 10 and g?
2
Suppose 0 = 3*v - 3*s - 5025, 12*v - 3365 = 10*v - s. What is the greatest common factor of 588 and v?
84
Suppose 1059 = 7*x + 26*x - 96. Calculate the greatest common factor of 20 and x.
5
Suppose 5*b = -4*f + 5, 4*b = 3*f + f + 4. Let o be 293/4 - ((-5)/(-4) - b). Let s = -62 + o. What is the greatest common factor of s and 1?
1
Let r be (3/(9/4))/((-68)/(-510)). Suppose 9*a + 576 = r*a. Calculate the greatest common factor of 9 and a.
9
Suppose -3*q - 18 = 21. Suppose 2*m + 4 = 0, 4 + 22 = -2*s - 3*m. Let p be (q - 1)*15/s. Calculate the highest common divisor of p and 189.
21
Let z = 50 + -40. Suppose 4*x = -j + 3, j - 4*x + 7 + 14 = 0. Let l be j*(1/4 + (-830)/120). Calculate the greatest common divisor of l and z.
10
Suppose 15*g = -12*g - 8964. Let d = g - -392. Calculate the greatest common divisor of d and 12.
12
Let l = -22 - -38. Let u = 2173 + -2172. What is the highest common divisor of u and l?
1
Suppose 0 = 5*t + 5*p - 15, 3*t - 4*p - 13 = -3*p. Let f be 58/3 - t/3. Calculate the greatest common divisor of 162 and f.
18
Let y(r) = 9*r + 204. Let o be y(-6). What is the greatest common divisor of o and 4050?
150
Let v(p) = -3*p + 27. Let s be v(9). Suppose 147 = 3*l + m, l + 5*m - 63 = -s*l. What is the greatest common divisor of 32 and l?
16
Let u(t) = 17 - 3 + t - 4 - 3*t. Let s be u(5). Let h(g) = g**2 + g + 18. Let v be h(s). Calculate the highest common factor of v and 45.
9
Let b = -84 + 90. Let j(w) = 12*w - 5. Let a be j(-3). Let u = a - -53. What is the greatest common divisor of u and b?
6
Let p = 22953 + -22169. What is the greatest common factor of 176 and p?
16
Let d = 227 + -222. Suppose 4*h - 338 = -4*z + 3*z, -5*z + 430 = d*h. What is the highest common factor of h and 21?
21
Let o be 18/((2/8)/(14 - (-588)/(-48))). What is the highest common factor of o and 1953?
63
Let i = 41 + -59. Let b(s) = -19*s**2 + 26*s - s**3 - 26 - 29*s - 17*s. Let m be b(i). Calculate the greatest common factor of 20 and m.
10
Let z = 51 + -43. Suppose -3*g + z*g - 40 = 0. Let l be 16 + ((-8)/2 - 0). What is the highest common factor of l and g?
4
Let g = 515 + -499. Suppose -n = 4*r - 10 - 2, -2*r = -2*n + 4. Suppose n*t - 3*t - 24 = 0. What is the highest common factor of t and g?
8
